449741
What are the prime factors of 36881117?
7, 13, 405287
What are the prime factors of 25097340?
2, 3, 5, 418289
List the prime factors of 3099297.
3, 1033099
List the prime factors of 13982803.
19, 735937
What are the prime factors of 4331901863?
41, 1021, 103483
List the prime factors of 29164790.
2, 5, 2916479
What are the prime factors of 381241715?
5, 76248343
List the prime factors of 49576751.
7, 1223, 5791
What are the prime factors of 903862910?
2, 5, 90386291
What are the prime factors of 19106095?
5, 3821219
What are the prime factors of 896795?
5, 67, 2677
What are the prime factors of 1010845?
5, 11, 18379
List the prime factors of 361760345.
5, 647, 111827
What are the prime factors of 74274796?
2, 18568699
List the prime factors of 1938727172.
2, 484681793
What are the prime factors of 5045819682?
2, 3, 840969947
What are the prime factors of 726216240?
2, 3, 5, 1297, 2333
What are the prime factors of 452300963?
17, 167, 313, 509
List the prime factors of 207608606.
2, 103804303
List the prime factors of 253454831.
7, 79, 458327
What are the prime factors of 361271134?
2, 7, 25805081
What are the prime factors of 1510723941?
3, 29, 379, 45817
List the prime factors of 69007455.
3, 5, 11, 139409
What are the prime factors of 149516016?
2, 3, 13, 19, 12611
What are the prime factors of 36415344?
2, 3, 7, 108379
List the prime factors of 114151694.
2, 57075847
List the prime factors of 21545318.
2, 29, 371471
List the prime factors of 634722894.
2, 3, 13, 2712491
List the prime factors of 33400926.
2, 3, 13, 47, 3037
What are the prime factors of 139466010?
2, 3, 5, 41, 71, 1597
List the prime factors of 271713786.
2, 3, 593, 76367
List the prime factors of 1214736754.
2, 7, 11, 1126843
List the prime factors of 30003344.
2, 7, 267887
What are the prime factors of 49571555?
5, 11, 23, 149, 263
What are the prime factors of 97851235?
5, 17, 19, 60589
List the prime factors of 2131657299.
3, 421, 562591
List the prime factors of 80251024.
2, 7, 2089
List the prime factors of 801425673.
3, 83, 1072859
What are the prime factors of 137325915?
3, 5, 17, 53, 1129
List the prime factors of 85748541.
3, 53, 313, 1723
What are the prime factors of 105128749?
11, 2699, 3541
What are the prime factors of 84308766?
2, 3, 14051461
What are the prime factors of 2556125181?
3, 31, 53, 19207
What are the prime factors of 183456238?
2, 7, 13104017
What are the prime factors of 94495492?
2, 7, 13, 259603
List the prime factors of 115277713.
1303, 88471
List the prime factors of 5285906279.
43, 487, 252419
List the prime factors of 10350323.
2633, 3931
What are the prime factors of 559635186?
2, 3, 11, 8479321
What are the prime factors of 16833992?
2, 7, 31, 9697
What are the prime factors of 15962414?
2, 13, 23, 26693
What are the prime factors of 159353863?
159353863
List the prime factors of 90497975.
5, 677, 5347
What are the prime factors of 56509276?
2, 14127319
List the prime factors of 481383160.
2, 5, 521, 23099
List the prime factors of 124822757.
29, 71, 60623
What are the prime factors of 1593997758?
2, 3, 17, 191, 9091
List the prime factors of 75718635.
3, 5, 167, 181
List the prime factors of 1488221364.
2, 3, 7, 17716921
List the prime factors of 314357493.
3, 104785831
List the prime factors of 50947623.
3, 17, 4111
What are the prime factors of 2024898486?
2, 3, 13, 31, 193, 4339
What are the prime factors of 859205186?
2, 7, 67, 199, 4603
List the prime factors of 3793442.
2, 1896721
What are the prime factors of 375035211?
3, 59, 311, 757
List the prime factors of 51589577.
13, 17, 233437
What are the prime factors of 1153321049?
67, 17213747
What are the prime factors of 82933256?
2, 7, 73, 20287
What are the prime factors of 3007784503?
29, 53, 36923
List the prime factors of 387801511.
2131, 181981
What are the prime factors of 72313183?
19, 1259, 3023
What are the prime factors of 103695503?
29, 3575707
List the prime factors of 452907424.
2, 14153357
List the prime factors of 343370822.
2, 239, 718349
What are the prime factors of 59099703?
3, 13, 1515377
List the prime factors of 1393282804.
2, 17, 37, 553769
What are the prime factors of 89836347?
3, 17, 61, 67, 431
List the prime factors of 62101158.
2, 3, 7, 19, 59, 1319
List the prime factors of 91240966.
2, 45620483
List the prime factors of 208922228.
2, 52230557
List the prime factors of 3748087317.
3, 13, 211, 455473
What are the prime factors of 191189320?
2, 5, 7, 682819
What are the prime factors of 617354475?
3, 5, 8231393
List the prime factors of 347888588.
2, 86972147
What are the prime factors of 4467682739?
13, 17, 71, 284729
List the prime factors of 190323526.
2, 139, 684617
What are the prime factors of 120875963?
13, 47, 181, 1093
List the prime factors of 304887550.
2, 5, 11, 457, 1213
List the prime factors of 59021284.
2, 7, 43, 47, 149
What are the prime factors of 63127378?
2, 71, 419, 1061
What are the prime factors of 53496412?
2, 13374103
What are the prime factors of 13518631?
7, 1297, 1489
What are the prime factors of 39256873?
1103, 35591
What are the prime factors of 139242193?
619, 224947
What are the prime factors of 293371524?
2, 3, 73, 127, 293
What are the prime factors of 34012156?
2, 8503039
What are the prime factors of 380049843?
3, 29, 4368389
List the prime factors of 319937752.
2, 967, 41357
What are the prime factors of 50236728?
2, 3, 43, 48679
What are the prime factors of 1142786708?
2, 7, 1213, 33647
List the prime factors of 3187263799.
199, 16016401
What are the prime factors of 57775675?
5, 19, 121633
List the prime factors of 3337956016.
2, 367, 568453
List the prime factors of 86815600.
2, 5, 17, 751
What are the prime factors of 70044301?
17, 4120253
List the prime factors of 2086005813.
3, 695335271
What are the prime factors of 3802799937?
3, 18287, 69317
List the prime factors of 588346937.
588346937
List the prime factors of 587468724.
2, 3, 31, 1579217
List the prime factors of 244097512.
2, 229, 133241
What are the prime factors of 23458213?
829, 28297
List the prime factors of 231754468.
2, 11, 41, 128467
What are the prime factors of 3644399138?
2, 37, 1697, 29021
What are the prime factors of 111712539?
3, 163, 228451
List the prime factors of 2719376595.
3, 5, 13, 23, 202109
What are the prime factors of 16579148?
2, 17, 479, 509
List the prime factors of 1332664833.
3, 17, 1537099
What are the prime factors of 181425026?
2, 379, 239347
List the prime factors of 7849337555.
5, 563, 1609, 1733
List the prime factors of 1008505139.
1008505139
List the prime factors of 40272397.
11, 59, 62053
List the prime factors of 453598159.
7, 109, 113, 5261
List the prime factors of 424922579.
89, 4774411
What are the prime factors of 2052924536?
2, 13, 191, 103349
What are the prime factors of 27655026?
2, 3, 7, 658453
What are the prime factors of 846115703?
257, 3292279
What are the prime factors of 319254520?
2, 5, 13, 83, 569
What are the prime factors of 80128010?
2, 5, 8012801
What are the prime factors of 30115830?
2, 3, 5, 67, 14983
What are the prime factors of 4190997?
3, 1396999
What are the prime factors of 1139343185?
5, 227868637
List the prime factors of 1679650374.
2, 3, 47, 5956207
List the prime factors of 1900923954.
2, 3, 479, 661421
List the prime factors of 357490175.
5, 7, 43, 47507
What are the prime factors of 237365745?
3, 5, 47, 336689
List the prime factors of 126194415.
3, 5, 8412961
List the prime factors of 1938724991.
7, 276960713
List the prime factors of 112967150.
2, 5, 83, 163, 167
List the prime factors of 4570665673.
7, 7129, 91591
List the prime factors of 113671901.
7, 491, 33073
What are the prime factors of 167030864?
2, 7, 11, 13, 10429
What are the prime factors of 73572528?
2, 3, 59, 83, 313
List the prime factors of 64216595.
5, 12843319
List the prime factors of 277639520.
2, 5, 181, 9587
What are the prime factors of 565808927?
2011, 281357
What are the prime factors of 414107471?
17, 4159, 5857
What are the prime factors of 209376268?
2, 23, 349, 6521
What are the prime factors of 42991296?
2, 3, 31, 233
List the prime factors of 423554154.
2, 3, 23, 3069233
What are the prime factors of 14251422?
2, 3, 2375237
List the prime factors of 1453250834.
2, 7, 19, 1201